 what is 10101010 + -1110111101000100010?
-1110111100101111000
In base 2, what is -101101000001101 + -110111000110000?
-1100100000111101
In base 3, what is -1 + 122210100000110?
122210100000102
In base 10, what is 3522 + -6317?
-2795
In base 2, what is -10000011110100011010 + 1101100?
-10000011110010101110
In base 6, what is -1423534040 + -4?
-1423534044
In base 14, what is 33b483 - 3?
33b480
In base 6, what is 330111110 - 13?
330111053
In base 16, what is 5 - -378b7c?
378b81
In base 14, what is 321 + -8803?
-84c2
In base 10, what is 806763972 + 1?
806763973
In base 3, what is 1020210 - 1212201200?
-1211110220
In base 6, what is -22204424403 + 4?
-22204424355
In base 3, what is -120110222111 + 201?
-120110221210
In base 6, what is 31301030140 - 3?
31301030133
In base 4, what is 23 - -11003133220?
11003133303
In base 4, what is 3 - 112033312332111?
-112033312332102
In base 5, what is 304000 + 1313120?
2122120
In base 4, what is 232 + -231131000002?
-231130333110
In base 4, what is 2002213 - 31031032?
-23022213
In base 3, what is 122111 + -1221020222?
-1220121111
In base 4, what is 1321113231 - 1013?
1321112212
In base 6, what is -1120345 + -34?
-1120423
In base 9, what is 8 - 15647716?
-15647707
In base 3, what is 1101011001 - -20002?
1101101010
In base 2, what is 101001 + -1100010100011?
-1100001111010
In base 5, what is -2 - 2023404214?
-2023404221
In base 10, what is 1249040 - -11?
1249051
In base 15, what is 2 - 349e207?
-349e205
In base 5, what is -1111400034 - -23?
-1111400011
In base 12, what is 2054240b - -1?
20542410
In base 10, what is -854090 - 1?
-854091
In base 16, what is 2 + 2e836e3?
2e836e5
In base 2, what is -11010001101 + -1000110100111100?
-1001001111001001
In base 16, what is 1892ed1 - 0?
1892ed1
In base 4, what is -21112221111 - -201?
-21112220310
In base 12, what is 2 - 34639a0?
-346399a
In base 14, what is -3123 - -331a?
1d7
In base 9, what is -3 + -432646?
-432650
In base 3, what is -1211210 - -1020012210?
1011101000
In base 3, what is 10202211201 - 1000121?
10201211010
In base 2, what is -111111011 - 100000011011110100?
-100000100011101111
In base 8, what is 50625 - -113173?
164020
In base 16, what is 4438 - -bb6?
4fee
In base 2, what is -1101001011011011 - -100110101?
-1101000110100110
In base 14, what is -23822d - -1ca?
-238043
In base 15, what is 76 - -2a3a6a?
2a3ae1
In base 4, what is -23110000 + 232100?
-22211300
In base 15, what is 8ade4 - -36?
8ae2a
In base 11, what is -770042 - -465?
-76a688
In base 15, what is 4d1a01a + 3?
4d1a01d
In base 9, what is 2 - 2720603?
-2720601
In base 2, what is -11001111010111 - 11111010010?
-11101110101001
In base 10, what is -1158684 - -20?
-1158664
In base 4, what is 10120133121 + -1123?
10120131332
In base 8, what is 4 + -441064364?
-441064360
In base 16, what is -3 - -f77b4?
f77b1
In base 8, what is 220212 - 77?
220113
In base 11, what is -13 + -398a7407?
-398a741a
In base 11, what is -15156a84 + -1?
-15156a85
In base 4, what is 2031 + -2112010302?
-2112002211
In base 5, what is 231440443 - -20?
231441013
In base 4, what is -2130031023 + 1222?
-2130023201
In base 5, what is 4030131 + -3010?
4022121
In base 15, what is 8 + -a5a3b?
-a5a33
In base 4, what is -13211020020 - -11?
-13211020003
In base 14, what is -17b04819 - -5?
-17b04814
In base 2, what is -101011110001011010 - 1000010010001?
-101100110011101011
In base 14, what is 1 - -1784bb8?
1784bb9
In base 15, what is 4 - 417a57?
-417a53
In base 7, what is 232162 - 333?
231526
In base 13, what is -33077b9 - -23?
-3307796
In base 10, what is 1673 + -2013?
-340
In base 4, what is -22033203222330 + 10?
-22033203222320
In base 10, what is 1272436 + 22?
1272458
In base 16, what is 2b - -16f7ba?
16f7e5
In base 14, what is 228d5d + -27d?
228ac0
In base 6, what is -1231 + 20052244?
20051013
In base 9, what is 13 + -151036?
-151023
In base 5, what is -1 + -3404230433?
-3404230434
In base 3, what is -1200022111012020 + 1021?
-1200022111010222
In base 10, what is -40 + 1295239?
1295199
In base 5, what is -20330322430 - -4?
-20330322421
In base 16, what is -f3 + 2405da?
2404e7
In base 8, what is 246213 - 31?
246162
In base 13, what is 26a328b - 2?
26a3289
In base 13, what is -14b08 + -256?
-15061
In base 3, what is 1101011010220 + -2121?
1101011001022
In base 3, what is 1011002010121 - 1022220?
1011000210201
In base 12, what is -35841 + -4977?
-3a5b8
In base 14, what is 9b9 - -98761?
9933a
In base 7, what is 42040 - 12?
42025
In base 6, what is 3 - -530320304?
530320311
In base 11, what is 5277 - -239a3?
2916a
In base 10, what is -916 + 4260?
3344
In base 5, what is 22241 - -11441321?
12014112
In base 8, what is -33 - 1371317?
-1371352
In base 9, what is -1152614 + -156?
-1152771
In base 4, what is -1001100012 + -121?
-1001100133
In base 5, what is 4 - -44102443031?
44102443040
In base 10, what is 195110 - -618?
195728
In base 5, what is 302021 + 340444?
1143020
In base 4, what is 321101233122 + -13?
321101233103
In base 16, what is -2 - 1bf1fd?
-1bf1ff
In base 11, what is 71962a - 1?
719629
In base 12, what is 13050 + -110?
12b40
In base 15, what is -342ae1 - 33?
-342b24
In base 12, what is -13060 + 522b?
-9a31
In base 5, what is 222 - -1043442301?
1043443023
In base 6, what is -11113104554 - -2?
-11113104552
In base 2, what is -11110111010101 - -10001000?
-11110101001101
In base 10, what is 10781 - 451?
10330
In base 6, what is -445022403 - 3?
-445022410
In base 4, what is 112 - 2030000021?
-2023333303
In base 10, what is -12 - 3245826?
-3245838
In base 8, what is 10 - 504566627?
-504566617
In base 7, what is 115220403 + -13?
115220360
In base 14, what is 2bcacb4 + -3?
2bcacb1
In base 12, what is 0 - -2172226?
2172226
In base 13, what is 8165b905 - 1?
8165b904
In base 9, what is -6475254 - 1?
-6475255
In base 11, what is -36a4 + -2355?
-5a49
In base 15, what is 4451b - -62?
4457d
In base 12, what is -386 + -191812?
-191b98
In base 8, what is -524 + 473414?
472670
In base 9, what is 24328066 + -36?
24328030
In base 14, what is -3 - 3d0a3d1?
-3d0a3d4
In base 9, what is -3544842 - -211?
-3544631
In base 16, what is -56a + 110f?
ba5
In base 3, what is -100120020200001010 - 12?
-100120020200001022
In base 15, what is 12 - -5e590a?
5e591c
In base 4, what is -122 - -121233130323?
121233130201
In base 4, what is 12 + 3220302203?
3220302221
In base 11, what is 78 + 771534?
771601
In base 9, what is 2810023 + 35?
2810058
In base 5, what is 4 + 1424321310?
1424321314
In base 9, what is -10404 + -22643?
-33147
In base 15, what is -294c39b - 4?
-294c3a0
In base 4, what is -13311201101 + 11?
-13311201030
In base 3, what is -112011112002100221 - -22?
-112011112002100122
In base 5, what is 30 + 3104134003?
3104134033
In base 2, what is -100001011111010000100 - -1010?
-100001011111001111010
In base 8, what is 3624 + 1542?
5366
In base 14, what is 162 + -3907ca?
-390668
In base 10, what is 8 + -1285892?
-1285884
In base 15, what is -8c868c + 4?
-8c8688
In base 5, what is -114310 + 23242314?
23123004
In base 2, what is 101 + 101111111100010110001?
101111111100010110110
In base 8, what is -14 + -12736151?
-12736165
In base 10, what is -71593814 + 8?
-71593806
In base 11, what is -28404 + 403?
-28001
In base 3, what is 2210011 - 1010120022?
-1000210011
In base 4, what is -1001233 - -1110210?
102311
In base 16, what is 323 + 8ab69?
8ae8c
In base 9, what is -71 - 565171?
-565252
In base 3, what is -1010210002 - 2102210?
-1020012212
In base 12, what is -1b + 1202bba?
1202b9b
In base 16, what is 24b - -19616?
19861
In base 15, what is -1742cb9a + 0?
-1742cb9a
In base 4, what is 1 + -211120330132?
-211120330131
In base 13, what is 60404 + 74?
60478
In base 13, what is 1 + 183b429?
183b42a
In base 9, what is -5 - -8078438?
8078433
In base 14, what is -37 - -3b777?
3b740
In base 6, what is 542502450 + 5?
542502455
In base 10, what is 19 - 52586?
-52567
In base 4, what is 200200 - -333002?
1133202
In base 6, what is -514533110 + 134?
-514532532
In base 15, what is -7e9503 - -4?
-7e94ee
In base 2, what is 1111011 - 110001111110001110100?
-110001111101111111001
In base 4, what is -10001312 - -13101001?
3033023
In base 2, what is -1001010000 + -111110000101001?
-111111001111001
In base 7, what is 16 - -1254?
1303
In base 6, what is 40051125 + 45?
40051214
In base 